 + -135. What is the remainder when 493 is divided by u?
37
Suppose -760*x - 755*x = -1552*x + 740. Let u = -1 + 1. What is the remainder when (-12 + 1)*(-5 - u) is divided by x?
15
Suppose -47 = 3*v - 8*v + 3*y, 0 = -v + 2*y + 15. What is the remainder when 753 is divided by v?
4
Suppose 0 = -5*c - 3*t + 853 - 78, -c + 167 = 3*t. Calculate the remainder when c is divided by 137.
15
Suppose 71*r + 9240 = 2*v + 73*r, 7*r = v - 4660. Calculate the remainder when v is divided by 26.
23
Suppose 528*r = 531*r - 357. Suppose -3*w = -4*v + 845, -1184 = -5*v - 5*w - r. Calculate the remainder when v is divided by 56.
44
Let k = -7826 - -7985. What is the remainder when 311 is divided by k?
152
Let n = -750 - -2329. Calculate the remainder when n is divided by 33.
28
Suppose 4*f - 360 = -5*f. Suppose 256 - f = 3*v. Calculate the remainder when v is divided by 15.
12
Let n(g) = g**2 + 8*g + 86. Let x = -643 + 637. What is the remainder when n(x) is divided by 19?
17
Calculate the remainder when ((-46)/6 + 0)/((-337)/4044) is divided by ((-36)/(-45))/(2/60).
20
Suppose -397 + 1 = -4*j. What is the remainder when j is divided by (150/(-180))/((3 + 32/(-12))/(-10))?
24
Suppose 6*j - 3 = 5*j, -5*j = -5*f + 845. What is the remainder when f is divided by 41?
8
Calculate the remainder when 199 is divided by (69/54 + 84/378)*(-100)/(-3).
49
Suppose 0 = 38*c - 43*c - 30. Suppose -2*n + 0*n = -158. What is the remainder when n is divided by (c/(-4))/(9/96) - -4?
19
Suppose -7592 = -297*v + 271*v. What is the remainder when v is divided by 84?
40
Suppose -2*b - k = k - 62, 0 = 4*b + 5*k - 128. What is the remainder when (74/(-1 - 0))/(126/(-90) + 1) is divided by b?
23
Let v = -19 - -33. Suppose 2*q - 293 + 115 = 0. Let a = 98 - q. Calculate the remainder when v is divided by a.
5
Suppose 2 = w, 5*p + 0*w - 5*w = 1045. Suppose -2*u = -4*v - 9 + p, u - 103 = -2*v. What is the remainder when v is divided by 11?
7
Let i(m) = 2*m**2 - 26*m + 28. Let l be i(12). Let p(y) = y**3 + 5*y**2 - 20*y - 7. Calculate the remainder when 179 is divided by p(l).
8
Suppose 0 = 2334*h - 2344*h + 480. What is the remainder when 421 is divided by h?
37
Let o = -3603 - -4289. Calculate the remainder when o is divided by 26.
10
Suppose -3*x - 3*a + 8*a - 11 = 0, 6 = -2*x + 3*a. Let o(p) = 12 + 40*p - 20*p + 17*p. Calculate the remainder when o(x) is divided by 25.
23
Let t(n) = -n**2 - 20*n - 91. Suppose 0 = 2*d - 3*s + 7 + 1, 2*s = 2*d + 12. What is the remainder when 13 is divided by t(d)?
4
Suppose -5*b = -3*c - 330, 4*b - 5*c + 4*c - 257 = 0. Let g = 102772 + -102527. What is the remainder when g is divided by b?
56
Let y(a) = 4*a**3 - 221*a**2 + 56*a - 36. What is the remainder when 2051 is divided by y(55)?
18
Let n(v) = v**3 + 36*v**2 + 208*v + 78. Calculate the remainder when n(-28) is divided by 41.
34
Let f(x) = 9*x - 66. Suppose -3*q = 15, -12*d - 4 = -10*d + 4*q. Let o = -1 + 4. What is the remainder when f(d) is divided by o?
0
Suppose -60 = -2*l - 4. Calculate the remainder when 39/6*-12*9*(-20)/360 is divided by l.
11
Suppose -3*h - 73*d + 77*d = -509, -12*h + 2047 = -5*d. Calculate the remainder when 496 is divided by h.
154
Let v = -51 - -65. Let n = v - 11. Suppose 0 = t + n*t + 2*q - 216, -t + 5*q = -76. Calculate the remainder when t is divided by 21.
14
Let s(x) = -11*x + 26. Let a be s(3). Let f(g) = g + 20. What is the remainder when 191 is divided by f(a)?
9
Let j = -507 - -512. Suppose 0 = 14*o - 12*o + 2, 2 = j*x + 3*o. What is the remainder when x is divided by ((-1)/2*-2)/1?
0
Let l be ((-12)/(-15))/(1/5). Suppose -37 = -5*r - l*k, 5*k - 17 = -r + k. Suppose -32*y + 117 = -299. Calculate the remainder when y is divided by r.
3
Let h = -28992 - -29311. Calculate the remainder when h is divided by 157.
5
Let h be (-27)/4 - -3*3/(-36). Let t be h/(35/(-190)) + 1. Suppose q = -4*y + 47, 5*y - 3*q - t = 2*y. Calculate the remainder when 80 is divided by y.
8
Let t(h) = 2*h + 25. Let w be t(10). Let b = 48 - w. Suppose -b*z = -6*z + 33. Calculate the remainder when z is divided by 7.
4
Let s(j) = -j**3 + 9*j**2 - 5*j - 15. Let d be s(11). Let h be (-3)/(-5) + d/(-5). Suppose -15*c - h = -16*c. Calculate the remainder when c is divided by 8.
7
Let d(o) = 4*o + 18. Let n be d(-6). Suppose 0 = -3*q - q + 72. What is the remainder when q is divided by n/(-15) + 432/45?
8
Let h(p) = 324*p - 1968. What is the remainder when h(10) is divided by 44?
40
Suppose p = 4*c - 71, 2*p + 2*c + 119 = 17. Let w = p + 94. What is the remainder when w is divided by (-63)/14*(-4)/6 + 4?
4
Let u(q) = 62*q - 19. Calculate the remainder when u(5) is divided by 24.
3
Suppose -4 = -k, 2*m - 40 - 94 = 3*k. Suppose 4*x + g - 58 = -g, -4*x + 3*g + m = 0. What is the remainder when 70 is divided by x?
6
Suppose 6240 + 200 = 20*p. What is the remainder when p is divided by 140?
42
Suppose 0 = i + 3*f - 384, 0 = -1151*i + 1150*i + 3*f + 432. What is the remainder when i is divided by 126?
30
Let h = 809 - 745. Calculate the remainder when h is divided by 4.
0
Suppose 205*c - 208*c + 66 = 0. Calculate the remainder when 876 is divided by c.
18
Calculate the remainder when 874 is divided by (2625/14)/(12/8).
124
Suppose -258*b + 2861 = -8491. Calculate the remainder when 113 is divided by b.
25
Let p = 8055 + -7929. Calculate the remainder when 3527 is divided by p.
125
Let f(i) = -i**3 - 21*i**2 + 58*i + 314. Calculate the remainder when 5165 is divided by f(-23).
35
Let h(a) = 2712*a + 8195. Let k = 482 + -192. What is the remainder when k is divided by h(-3)?
54
Let w(k) = 85*k**3 - k + 1. What is the remainder when w(1) is divided by ((-8)/(-2) + 5460/252)*90/105?
19
Let b be (-1)/(-2)*(-2 - 1926). What is the remainder when 5/3 - b/3 is divided by 13?
11
Let p(x) = -9*x**2 + 31*x - 118. Let i be p(4). Let g = -89 + 126. Calculate the remainder when g is divided by 56/6 + (-92)/i.
7
Let i be ((-4)/5)/(357/90 + -4). Calculate the remainder when (i/16)/(6/260) is divided by 17.
14
Suppose 0 = 2*i + i - 9, 4*i = -3*y + 21. Let c = y + 1. Suppose -c*n + 64 = -12. What is the remainder when 75 is divided by n?
18
Let q = -140 - -145. Suppose 3*h + 8*z - 922 = 4*z, -5*h + q*z = -1490. Calculate the remainder when h is divided by 61.
58
Let y = -47 - -35. Let l(z) = -z - 1. Let x be l(y). Suppose -5*a + 46 = x. Calculate the remainder when 47 is divided by a.
5
Let h = 803 + -394. Let q = h + -348. Calculate the remainder when q is divided by 4.
1
Suppose -10*r = -2*x - 8*r - 970, 1460 = -3*x - 2*r. Let n = -474 - x. What is the remainder when 68 is divided by n?
8
Suppose -86*i - 3*w + 363 = -82*i, -3*i + 309 = -3*w. What is the remainder when 516 is divided by i?
36
Suppose 16*f = 24 + 40. Let h be 6/f*10/(-15) - -1. Suppose h = -4*k - 4, 13*k = -3*o + 8*k + 31. Calculate the remainder when 42 is divided by o.
6
Let c = -38 + 17. Let b = 24 + c. Let r(d) = 5*d - 5. Calculate the remainder when r(2) is divided by b.
2
Let b = -996 - -1045. Suppose 10*y - 5096 = 1244. Calculate the remainder when y is divided by b.
46
Suppose 0 = -415*i + 429*i - 924. Suppose 0 = 4*u + u - 300. Let b = i - u. Calculate the remainder when 15 is divided by b.
3
Let n = -80 - -112. Let p = n + -15. Calculate the remainder when (-21)/8 + 3 + 3663/88 is divided by p.
8
Suppose -3579 - 4895 = -19*p + 456. Calculate the remainder when p is divided by 43.
40
Let y(o) = 5*o + 77. Let m be y(-15). Suppose -k - 1 - 2 = m*j, 4*k - 53 = 5*j. Calculate the remainder when 73 is divided by k.
3
Let z(a) = -a**3 + 65*a**2 + 63*a + 245. Let t(q) = 328*q - 1. Calculate the remainder when t(1) is divided by z(66).
45
Let q = -3698 - -5122. Calculate the remainder when q is divided by 18.
2
Let l(g) be the first derivative of 0*g**2 + 22 + 2/3*g**3 - 3*g. Calculate the remainder when l(6) is divided by 8.
5
Let t = -29 + 31. Suppose 2*k - x = -4*x + 20, t*x - 16 = -2*k. Suppose 2*p - 4*j = k - 2, -45 = -5*p + 2*j. Calculate the remainder when 16 is divided by p.
5
Suppose 2*a = -2*m + 186, m - 433 = -4*a - 64. Let j(z) = -9*z - 66. Let b be j(-7). Let v(l) = -21*l - 32. What is the remainder when a is divided by v(b)?
30
Let b = 118 - 93. Suppose -t = -5*c - 49 - 4, -2*c = -2*t + 26. Let a = c + 13. Calculate the remainder when b is